nits digit of 37533?
3
What is the units digit of 10526?
6
What is the thousands digit of 14554?
4
What is the units digit of 857?
7
What is the hundreds digit of 1231?
2
What is the thousands digit of 56687?
6
What is the units digit of 2185?
5
What is the units digit of 364?
4
What is the tens digit of 57017?
1
What is the thousands digit of 1135?
1
What is the hundreds digit of 11612?
6
What is the thousands digit of 5052?
5
What is the hundred thousands digit of 118316?
1
What is the hundreds digit of 850?
8
What is the units digit of 349?
9
What is the tens digit of 4283?
8
What is the hundreds digit of 1340?
3
What is the hundreds digit of 9603?
6
What is the thousands digit of 9611?
9
What is the hundreds digit of 8743?
7
What is the thousands digit of 3399?
3
What is the thousands digit of 6089?
6
What is the units digit of 52447?
7
What is the ten thousands digit of 12222?
1
What is the hundreds digit of 1384?
3
What is the tens digit of 1865?
6
What is the tens digit of 589?
8
What is the hundreds digit of 29847?
8
What is the ten thousands digit of 45258?
4
What is the tens digit of 1514?
1
What is the hundreds digit of 234?
2
What is the tens digit of 2820?
2
What is the units digit of 16686?
6
What is the hundreds digit of 7450?
4
What is the units digit of 2985?
5
What is the thousands digit of 99898?
9
What is the ten thousands digit of 14104?
1
What is the tens digit of 1768?
6
What is the units digit of 9569?
9
What is the units digit of 293?
3
What is the thousands digit of 57083?
7
What is the hundreds digit of 728?
7
What is the hundreds digit of 29780?
7
What is the thousands digit of 12106?
2
What is the ten thousands digit of 22514?
2
What is the units digit of 2333?
3
What is the hundreds digit of 2123?
1
What is the ten thousands digit of 117952?
1
What is the ten thousands digit of 73528?
7
What is the units digit of 120790?
0
What is the units digit of 4165?
5
What is the ten thousands digit of 25385?
2
What is the thousands digit of 25889?
5
What is the tens digit of 1116?
1
What is the hundreds digit of 11100?
1
What is the units digit of 78432?
2
What is the thousands digit of 53680?
3
What is the units digit of 97620?
0
What is the tens digit of 7308?
0
What is the units digit of 4785?
5
What is the hundreds digit of 434?
4
What is the tens digit of 35820?
2
What is the tens digit of 4394?
9
What is the hundreds digit of 263?
2
What is the tens digit of 380?
8
What is the tens digit of 74645?
4
What is the hundreds digit of 45730?
7
What is the tens digit of 72?
7
What is the tens digit of 98572?
7
What is the hundreds digit of 1017?
0
What is the hundreds digit of 1565?
5
What is the thousands digit of 22316?
2
What is the units digit of 67551?
1
What is the units digit of 28077?
7
What is the thousands digit of 9166?
9
What is the ten thousands digit of 10356?
1
What is the thousands digit of 3259?
3
What is the thousands digit of 1019?
1
What is the tens digit of 2433?
3
What is the hundreds digit of 965?
9
What is the units digit of 13612?
2
What is the thousands digit of 10913?
0
What is the thousands digit of 2778?
2
What is the ten thousands digit of 10325?
1
What is the hundreds digit of 2748?
7
What is the units digit of 819?
9
What is the units digit of 631?
1
What is the thousands digit of 3209?
3
What is the hundreds digit of 2601?
6
What is the tens digit of 281?
8
What is the units digit of 25902?
2
What is the thousands digit of 3404?
3
What is the hundreds digit of 15455?
4
What is the units digit of 2411?
1
What is the ten thousands digit of 102480?
0
What is the units digit of 2032?
2
What is the units digit of 660?
0
What is the hundreds digit of 1988?
9
What is the hundreds digit of 12971?
9
What is the tens digit of 61887?
8
What is the tens digit of 1341?
4
What is the units digit of 1188?
8
What is the tens digit of 698?
9
What is the hundreds digit of 1507?
5
What is the units digit of 2769?
9
What is the tens digit of 1719?
1
What is the hundreds digit of 2693?
6
What is the units digit of 14465?
5
What is the hundreds digit of 504?
5
What is the tens digit of 1268?
6
What is the ten thousands digit of 12393?
1
What is the hundreds digit of 27597?
5
What is the tens digit of 70388?
8
What is the thousands digit of 29530?
9
What is the tens digit of 16846?
4
What is the hundreds digit of 167?
1
What is the ten thousands digit of 18151?
1
What is the hundreds digit of 36665?
6
What is the units digit of 789?
9
What is the hundreds digit of 1100?
1
What is the hundreds digit of 245?
2
What is the hundreds digit of 120?
1
What is the units digit of 32233?
3
What is the units digit of 5540?
0
What is the hundreds digit of 21695?
6
What is the hundreds digit of 628?
6
What is the units digit of 32748?
8
What is the hundreds digit of 8009?
0
What is the units digit of 8335?
5
What is the hundreds digit of 1306?
3
What is the thousands digit of 1008?
1
What is the hundreds digit of 1035?
0
What is the units digit of 1320?
0
What is the thousands digit of 62361?
2
What is the units digit of 280?
0
What is the units digit of 69?
9
What is the thousands digit of 2457?
2
What is the hundreds digit of 3279?
2
What is the tens digit of 725?
2
What is the tens digit of 49063?
6
What is the hundreds digit of 123?
1
What is the hundreds digit of 1591?
5
What is the units digit of 7846?
6
What is the thousands digit of 57086?
7
What is the tens digit of 7276?
7
What is the units digit of 32578?
8
What is the units digit of 30317?
7
What is the tens digit of 5296?
9
What is the hundreds digit of 12627?
6
What is the ten thousands digit of 14550?
1
What is the hundreds digit of 4051?
0
What is the ten thousands digit of 14566?
1
What is the ten thousands digit of 74583?
7
What is the tens digit of 18660?
6
What is the ten thousands digit of 11702?
1
What is the tens digit of 2254?
5
What is the hundreds digit of 1009?
0
What is the hundreds digit of 1564?
5
What is the hundreds digit of 1612?
6
What is the thousands digit of 8676?
8
What is the ten thousands digit of 47526?
4
What is the hundreds digit of 9528?
5
What is the tens digit of 1287?
8
What is the hundreds digit of 1798?
7
What is the tens digit of 7246?
4
What is the ten thousands digit of 17176?
1
What is the units digit of 17?
7
What is the thousands digit of 46876?
6
What is the thousands digit of 2209?
2
What is the units digit of 63758?
8
What is the thousands digit of 2540?
2
What is the units digit of 123?
3
What is the hundreds digit of 561?
5
What is the hundreds digit of 1893?
8
What is the units digit of 129331?
1
What is the units digit of 7745?
5
What is the hundreds digit of 1559?
5
What is the thousands digit of 7088?
7
What is the ten thousands digit of 59183?
5
What is the hundreds digit of 1972?
9
What is the tens digit of 3034?
3
What is the tens digit of 44165?
6
What is the ten thousands digit of 23661?
2
What is the thousands digit of 113530?
3
What is the tens digit of 4675?
7
What is the hundreds digit of 855?
8
What is the thousands digit of 1761?
1
What is the hundreds digit of 1185?
1
What is the thousands digit of 25064?
5
What is the thousands digit of 52438?
2
What is the thousands digit of 4454?
4
What is the units digit of 607?
7
What is the hundreds digit of 9868?
8
What is the tens digit of 1140?
4
What is the ten thousands digit of 89171?
8
What is the tens digit of 617?
1
What is the thousands digit of 5608?
5
What is the hundreds digit of 17353?
3
What is the units digit of 5138?
8
What is the units digit of 33849?
9
What is the units digit of 945?
5
What is the hundreds digit of 38861?
8
What is the tens digit of 5672?
7
What is the hundreds digit of 3228?
2
What is the units digit of 1837?
7
What is the thousands digit of 19218?
9
What is the thousands digit of 5644?
5
What is the units digit of 245?
5
What is the tens digit of 6092?
9
What is the thousands digit of 67001?
7
What is the thousands digit of 9214?
9
What is the hundreds digit of 885?
8
What is the units digit of 1014?
4
What is the tens digit of 1437?
3
What is the units digit of 120110?
0
What is the hundreds digit of 2003?
0
What is the tens digit of 2527?
2
What is the units digit of 658?
8
What is the units digit of 8056?
6
What is the